CRAN Package Check Results for Package RcppEigen

Last updated on 2016-04-30 23:48:11.

Flavor Version Tinstall Tcheck Ttotal Status Flags
r-devel-linux-x86_64-debian-gcc 0.3.2.8.1 33.39 127.00 160.39 NOTE
r-devel-linux-x86_64-fedora-clang 0.3.2.8.1 352.36 NOTE
r-devel-linux-x86_64-fedora-gcc 0.3.2.8.1 313.56 NOTE
r-devel-osx-x86_64-clang 0.3.2.8.1 348.92 NOTE
r-devel-windows-ix86+x86_64 0.3.2.8.1 95.00 301.00 396.00 ERROR
r-patched-linux-x86_64 0.3.2.8.1 32.26 128.89 161.15 NOTE
r-patched-solaris-sparc 0.3.2.8.1 1626.20 OK
r-patched-solaris-x86 0.3.2.8.1 311.70 OK
r-release-linux-x86_64 0.3.2.8.1 32.39 129.45 161.84 NOTE
r-release-osx-x86_64-mavericks 0.3.2.8.1 NOTE
r-release-windows-ix86+x86_64 0.3.2.8.1 114.00 467.00 581.00 NOTE
r-oldrel-windows-ix86+x86_64 0.3.2.8.1 122.00 478.00 600.00 WARN

Check Details

Version: 0.3.2.8.1
Check: installed package size
Result: NOTE
     installed size is 26.8Mb
     sub-directories of 1Mb or more:
     include 4.6Mb
     libs 21.5Mb
Flavors: r-devel-linux-x86_64-debian-gcc, r-devel-linux-x86_64-fedora-clang, r-devel-linux-x86_64-fedora-gcc, r-devel-osx-x86_64-clang, r-devel-windows-ix86+x86_64, r-patched-linux-x86_64, r-release-linux-x86_64, r-release-osx-x86_64-mavericks, r-release-windows-ix86+x86_64, r-oldrel-windows-ix86+x86_64

Version: 0.3.2.8.1
Check: running tests for arch ‘i386’
Result: ERROR
    Running the tests in 'tests/doRUnit.R' failed.
    Last 13 lines of output:
     Executing test function test.as.SpMat ... done successfully.
    
    
    
     Executing test function test.as.Vec ... done successfully.
    
    
    
     Executing test function test.wrap.R ... done successfully.
    
    
    
     Executing test function test.fastLm ...
Flavor: r-devel-windows-ix86+x86_64

Version: 0.3.2.8.1
Check: re-building of vignette outputs
Result: NOTE
    Error in re-building vignettes:
     ...
     input string 433 is invalid in this locale
    Warning in grepl("(Rerun to get|biblatex.*\\(re\\)run)", readLines(log, :
     input string 443 is invalid in this locale
    Error in texi2dvi(file = file, pdf = TRUE, clean = clean, quiet = quiet, :
     Running 'texi2dvi' on 'RcppEigen-Introduction.tex' failed.
    LaTeX errors:
    ! LaTeX Error: Missing \begin{document}.
    
    See the LaTeX manual or LaTeX Companion for explanation.
    Type H <return> for immediate help.
     ...
    ! Undefined control sequence.
    l.15 ...<b9><b9><89><e7><e9>t<9a><9d>۶<fd><e0><c1><83>'O<9e><9c>6<b8>qd^^Gq<c3><ee>h8<bb><b0><b0>^^@^^@<b9>\<ee>
     <ab><af><be>B^^Qb<92>&<8a><a2><cb><e5>Z__^^WEQ<96><e5>o<be>...
    The control sequence at the end of the top line
    of your error message was never \def'ed. If you have
    ! Missing $ inserted.
    <inserted text>
     $
    l.15 ...Kx<87>W<ef>u<c3>?<de><ee>u5<9a>۽<b3><b1><b0><b0>pxxx<fb><f6>m<b4>Hh<94>$I<92>$<e9>믿<be>w<ef>^
     +^^Tfgg<cb><e5>r<ad>V<93>e<99>ݟ<9d><9d>E<d3>?;;<bb><b8>...
    ! Undefined control sequence.
    l.15 ...^\<8f>ǃ<c1><e0><da>Z)^^X|SU<a9><a6><99><d5>ꡢ^^T<eb>u<9b>^^
    Calls: buildVignettes -> texi2pdf -> texi2dvi
    Execution halted
Flavor: r-release-osx-x86_64-mavericks

Version: 0.3.2.8.1
Check: package subdirectories
Result: WARN
    Problems with news in 'inst/NEWS.Rd':
     inst/NEWS.Rd:47: unknown macro '\CRANpkg'
     inst/NEWS.Rd:98: unknown macro '\CRANpkg'
     inst/NEWS.Rd:100: unknown macro '\CRANpkg'
     inst/NEWS.Rd:109: unknown macro '\CRANpkg'
     inst/NEWS.Rd:110: unknown macro '\CRANpkg'
     inst/NEWS.Rd:111: unknown macro '\CRANpkg'
     inst/NEWS.Rd:113: unknown macro '\CRANpkg'
Flavor: r-oldrel-windows-ix86+x86_64