CRAN Package Check Results for Package RcppEigen

Last updated on 2014-12-22 23:48:55.

Flavor Version Tinstall Tcheck Ttotal Status Flags
r-devel-linux-x86_64-debian-clang 0.3.2.2.0 26.90 118.55 145.46 NOTE
r-devel-linux-x86_64-debian-gcc 0.3.2.2.0 29.25 121.44 150.70 NOTE
r-devel-linux-x86_64-fedora-clang 0.3.2.2.0 328.10 NOTE
r-devel-linux-x86_64-fedora-gcc 0.3.2.2.0 306.08 NOTE
r-devel-osx-x86_64-clang 0.3.2.2.0 230.04 NOTE
r-devel-windows-ix86+x86_64 0.3.2.2.0 80.00 300.00 380.00 NOTE
r-patched-linux-x86_64 0.3.2.2.0 30.17 122.88 153.05 NOTE
r-patched-solaris-sparc 0.3.2.2.0 1836.40 NOTE
r-patched-solaris-x86 0.3.2.2.0 378.40 NOTE
r-release-linux-ix86 0.3.2.2.0 33.15 143.92 177.06 NOTE
r-release-linux-x86_64 0.3.2.2.0 30.23 122.57 152.80 NOTE
r-release-osx-x86_64-mavericks 0.3.2.2.0 NOTE
r-release-osx-x86_64-snowleopard 0.3.2.2.0 NOTE
r-release-windows-ix86+x86_64 0.3.2.2.0 75.00 323.00 398.00 NOTE
r-oldrel-windows-ix86+x86_64 0.3.2.2.0 78.00 306.00 384.00 NOTE

Memtest notes: UBSAN-clang-trunk UBSAN

Check Details

Version: 0.3.2.2.0
Check: installed package size
Result: NOTE
     installed size is 27.7Mb
     sub-directories of 1Mb or more:
     include 4.5Mb
     libs 22.4Mb
Flavors: r-devel-linux-x86_64-debian-clang, r-devel-linux-x86_64-debian-gcc, r-devel-linux-x86_64-fedora-clang, r-devel-linux-x86_64-fedora-gcc, r-devel-osx-x86_64-clang, r-devel-windows-ix86+x86_64, r-patched-linux-x86_64, r-patched-solaris-sparc, r-patched-solaris-x86, r-release-linux-ix86, r-release-linux-x86_64, r-release-osx-x86_64-mavericks, r-release-osx-x86_64-snowleopard, r-release-windows-ix86+x86_64, r-oldrel-windows-ix86+x86_64