CRAN Package Check Results for Package RcppEigen

Last updated on 2015-04-17 23:48:31.

Flavor Version Tinstall Tcheck Ttotal Status Flags
r-devel-linux-x86_64-debian-clang 0.3.2.4.0 32.45 132.16 164.61 NOTE
r-devel-linux-x86_64-debian-gcc 0.3.2.4.0 30.06 135.94 165.99 NOTE
r-devel-linux-x86_64-fedora-clang 0.3.2.4.0 335.29 NOTE
r-devel-linux-x86_64-fedora-gcc 0.3.2.4.0 308.46 NOTE
r-devel-osx-x86_64-clang 0.3.2.4.0 259.58 NOTE
r-prerel-windows-ix86+x86_64 0.3.2.4.0 95.00 345.00 440.00 NOTE
r-prerel-linux-x86_64 0.3.2.4.0 29.48 137.08 166.56 NOTE
r-prerel-solaris-sparc 0.3.2.4.0 1883.30 NOTE
r-prerel-solaris-x86 0.3.2.4.0 384.30 NOTE
r-release-linux-x86_64 0.3.2.4.0 31.64 139.12 170.76 NOTE
r-release-osx-x86_64-mavericks 0.3.2.4.0 NOTE
r-release-osx-x86_64-snowleopard 0.3.2.4.0 NOTE
r-release-windows-ix86+x86_64 0.3.2.4.0 86.00 420.00 506.00 NOTE
r-oldrel-windows-ix86+x86_64 0.3.2.4.0 84.00 433.00 517.00 NOTE

Memtest notes: UBSAN-gcc UBSAN

Check Details

Version: 0.3.2.4.0
Check: installed package size
Result: NOTE
     installed size is 27.6Mb
     sub-directories of 1Mb or more:
     include 4.6Mb
     libs 22.3Mb
Flavors: r-devel-linux-x86_64-debian-clang, r-devel-linux-x86_64-debian-gcc, r-devel-linux-x86_64-fedora-clang, r-devel-linux-x86_64-fedora-gcc, r-devel-osx-x86_64-clang, r-prerel-windows-ix86+x86_64, r-prerel-linux-x86_64, r-prerel-solaris-sparc, r-prerel-solaris-x86, r-release-linux-x86_64, r-release-osx-x86_64-mavericks, r-release-osx-x86_64-snowleopard, r-release-windows-ix86+x86_64, r-oldrel-windows-ix86+x86_64

Version: 0.3.2.4.0
Check: re-building of vignette outputs
Result: NOTE
    Error in re-building vignettes:
     ...
    Error in texi2dvi(file = file, pdf = TRUE, clean = clean, quiet = quiet, :
     Running 'texi2dvi' on 'RcppEigen-Introduction.tex' failed.
    LaTeX errors:
    ! Undefined control sequence.
    l.24 ...^^RQ^^T<c5><ed>v˲<cc>9^^_^^Y^^YI<a7>Ӝs^^Tܡ$^^UEq<b9>\<96>
     e<b9>\."*<95>J<8c>1<97><cb>e^^X^^F<94>gmy<95>1<96>...
    The control sequence at the end of the top line
    of your error message was never \def'ed. If you have
    ! Undefined control sequence.
    l.29 ...<cb><cb>ˢc<95><88>l<db><c6><ed>X^^C<bc><b9>@ <80>OĐ===<f8>z<dc><fa><eb>^^GD<f0>3<85><b3>/\D
     ^^Q<ce>Ծx^^\w<8c><d1>H<ee>r<b9><e0><9a><8a><90>^^J
    The control sequence at the end of the top line
    of your error message was never \def'ed. If you have
    ! Undefined control sequence.
    l.46 x<9c><ed>\QO
     ^^[<c7>^^V><b8><e5>:SQv璛k<a8>^^@w<95>*RA<d8><d2>J}<8b>@U<d4>G<d4>^^W<fe>B~G^^?C^"Yy<e8>K^j<a5>^^OV<f2>^^T...
    The control sequence at the end of the top line
    of your error message was never \def'ed. If you have
    ! Undef
    Calls: buildVignettes -> texi2pdf -> texi2dvi
    Execution halted
Flavor: r-release-osx-x86_64-mavericks