CRAN Package Check Results for Package RcppEigen

Last updated on 2014-08-21 22:47:19.

Flavor Version Tinstall Tcheck Ttotal Status Flags
r-devel-linux-x86_64-debian-clang 0.3.2.1.2 27.80 110.60 138.40 NOTE
r-devel-linux-x86_64-debian-gcc 0.3.2.1.2 30.23 121.28 151.51 NOTE
r-devel-linux-x86_64-fedora-clang 0.3.2.2.0 316.77 NOTE
r-devel-linux-x86_64-fedora-gcc 0.3.2.2.0 168.40 NOTE
r-devel-osx-x86_64-clang 0.3.2.2.0 123.32 NOTE
r-devel-windows-ix86+x86_64 0.3.2.2.0 56.00 254.00 310.00 NOTE
r-patched-linux-x86_64 0.3.2.1.2 29.82 121.46 151.28 NOTE
r-patched-solaris-sparc 0.3.2.2.0 1600.30 NOTE
r-patched-solaris-x86 0.3.2.2.0 344.40 NOTE
r-release-linux-ix86 0.3.2.1.2 34.38 150.40 184.78 NOTE
r-release-linux-x86_64 0.3.2.1.2 30.12 123.25 153.37 NOTE
r-release-osx-x86_64-mavericks 0.3.2.1.2 NOTE
r-release-osx-x86_64-snowleopard 0.3.2.1.2 NOTE
r-release-windows-ix86+x86_64 0.3.2.1.2 69.00 297.00 366.00 NOTE
r-oldrel-windows-ix86+x86_64 0.3.2.1.2 74.00 283.00 357.00 NOTE

Memtest notes: UBSAN

Check Details

Version: 0.3.2.1.2
Check: installed package size
Result: NOTE
     installed size is 26.3Mb
     sub-directories of 1Mb or more:
     include 4.8Mb
     libs 20.8Mb
Flavors: r-devel-linux-x86_64-debian-clang, r-devel-linux-x86_64-debian-gcc, r-patched-linux-x86_64, r-release-linux-ix86, r-release-linux-x86_64, r-release-osx-x86_64-mavericks, r-release-osx-x86_64-snowleopard, r-release-windows-ix86+x86_64, r-oldrel-windows-ix86+x86_64

Version: 0.3.2.2.0
Check: installed package size
Result: NOTE
     installed size is 26.1Mb
     sub-directories of 1Mb or more:
     include 4.5Mb
     libs 20.9Mb
Flavors: r-devel-linux-x86_64-fedora-clang, r-devel-linux-x86_64-fedora-gcc, r-devel-osx-x86_64-clang, r-devel-windows-ix86+x86_64, r-patched-solaris-sparc, r-patched-solaris-x86