CRAN Package Check Results for Package RcppEigen

Last updated on 2015-02-26 23:47:53.

Flavor Version Tinstall Tcheck Ttotal Status Flags
r-devel-linux-x86_64-debian-clang 0.3.2.3.0 24.61 122.02 146.62 NOTE
r-devel-linux-x86_64-debian-gcc 0.3.2.3.0 29.56 130.89 160.44 NOTE
r-devel-linux-x86_64-fedora-clang 0.3.2.3.0 325.50 NOTE
r-devel-linux-x86_64-fedora-gcc 0.3.2.3.0 292.42 NOTE
r-devel-osx-x86_64-clang 0.3.2.3.0 228.94 NOTE
r-devel-windows-ix86+x86_64 0.3.2.3.0 104.00 347.00 451.00 NOTE
r-patched-linux-x86_64 0.3.2.3.0 30.22 135.84 166.06 NOTE
r-patched-solaris-sparc 0.3.2.3.0 1776.00 NOTE
r-patched-solaris-x86 0.3.2.3.0 412.90 NOTE
r-release-linux-ix86 0.3.2.3.0 33.06 162.31 195.38 NOTE
r-release-linux-x86_64 0.3.2.3.0 30.65 138.62 169.27 NOTE
r-release-osx-x86_64-mavericks 0.3.2.3.0 NOTE
r-release-osx-x86_64-snowleopard 0.3.2.3.0 NOTE
r-release-windows-ix86+x86_64 0.3.2.3.0 86.00 354.00 440.00 NOTE
r-oldrel-windows-ix86+x86_64 0.3.2.3.0 73.00 535.00 608.00 NOTE

Memtest notes: UBSAN-clang-trunk UBSAN-gcc UBSAN

Check Details

Version: 0.3.2.3.0
Check: installed package size
Result: NOTE
     installed size is 27.9Mb
     sub-directories of 1Mb or more:
     include 4.6Mb
     libs 22.5Mb
Flavors: r-devel-linux-x86_64-debian-clang, r-devel-linux-x86_64-debian-gcc, r-devel-linux-x86_64-fedora-clang, r-devel-linux-x86_64-fedora-gcc, r-devel-osx-x86_64-clang, r-devel-windows-ix86+x86_64, r-patched-linux-x86_64, r-patched-solaris-sparc, r-patched-solaris-x86, r-release-linux-ix86, r-release-linux-x86_64, r-release-osx-x86_64-mavericks, r-release-osx-x86_64-snowleopard, r-release-windows-ix86+x86_64, r-oldrel-windows-ix86+x86_64

Version: 0.3.2.3.0
Check: DESCRIPTION meta-information
Result: NOTE
    Malformed Title field: should not end in a period.
Flavors: r-devel-linux-x86_64-debian-clang, r-devel-linux-x86_64-debian-gcc, r-devel-linux-x86_64-fedora-clang, r-devel-linux-x86_64-fedora-gcc, r-devel-osx-x86_64-clang, r-devel-windows-ix86+x86_64

Version: 0.3.2.3.0
Check: re-building of vignette outputs
Result: NOTE
    Error in re-building vignettes:
     ...
    Error in texi2dvi(file = file, pdf = TRUE, clean = clean, quiet = quiet, :
     Running 'texi2dvi' on 'RcppEigen-Introduction.tex' failed.
    LaTeX errors:
    ! Undefined control sequence.
    l.15 ...^^[L^^[S>!<eb>z|<e7><cc>=s<cf>=<bf><b9><e1>8^^N]]<b8><fe><e9>^^E\.<ae><d9>kg\<b3>
     <d7>θf<af><9d>q<cd>^;㚽vƿ<9e>=M<d3>4M<e3>c~<9d>...
    The control sequence at the end of the top line
    of your error message was never \def'ed. If you have
    ! LaTeX Error: Missing \begin{document}.
    
    See the LaTeX manual or LaTeX Companion for explanation.
    Type H <return> for immediate help.
     ...
    ! Missing $ inserted.
    <inserted text>
     $
    l.22 ...gD^^G<ba><be>&˒$^^]<c8>2i<9a>&ID<c4>dY*<95><fe>Gļ<de><e7>D<ec><d7>_^^?P<94>^
     <cb>ҋ<c5>"^^QU<ab>U"<aa>e <c2>^^L<c0><cb>m0^^Q...
    ! Undefined control sequence.
    l.23 ...<bf>^^Z<c3>0J<a5><d2>ݻw<89>^^Hg<ef>ѣG<e3><e3><e3><<f3><8b>G<e3>4<d6>Jl<0b><d8>k<f0>^^U\D
    
    Calls: buildVignettes -> texi2pdf -> texi2dvi
    Execution halted
Flavor: r-release-osx-x86_64-mavericks