CRAN Package Check Results for Package SortableHTMLTables

Last updated on 2015-09-02 00:47:57.

Flavor Version Tinstall Tcheck Ttotal Status Flags
r-devel-linux-x86_64-debian-clang 0.1-3 0.54 10.57 11.11 NOTE
r-devel-linux-x86_64-debian-gcc 0.1-3 0.69 10.33 11.02 NOTE
r-devel-linux-x86_64-fedora-clang 0.1-3 22.52 NOTE
r-devel-linux-x86_64-fedora-gcc 0.1-3 20.00 NOTE
r-devel-osx-x86_64-clang 0.1-3 20.42 NOTE
r-devel-windows-ix86+x86_64 0.1-3 5.00 37.00 42.00 NOTE
r-patched-linux-x86_64 0.1-3 0.61 11.04 11.65 NOTE
r-patched-solaris-sparc 0.1-3 151.70 NOTE
r-patched-solaris-x86 0.1-3 37.00 NOTE
r-release-linux-x86_64 0.1-3 0.61 11.16 11.77 NOTE
r-release-osx-x86_64-mavericks 0.1-3 NOTE
r-release-windows-ix86+x86_64 0.1-3 4.00 33.00 37.00 NOTE
r-oldrel-windows-ix86+x86_64 0.1-3 5.00 28.00 33.00 NOTE

Check Details

Version: 0.1-3
Check: for hidden files and directories
Result: NOTE
    Found the following hidden files and directories:
     .gitignore
    These were most likely included in error. See section ‘Package
    structure’ in the ‘Writing R Extensions’ manual.
Flavors: r-devel-linux-x86_64-debian-clang, r-devel-linux-x86_64-debian-gcc, r-devel-linux-x86_64-fedora-clang, r-devel-linux-x86_64-fedora-gcc, r-devel-osx-x86_64-clang, r-devel-windows-ix86+x86_64, r-patched-linux-x86_64, r-patched-solaris-sparc, r-patched-solaris-x86, r-release-linux-x86_64, r-release-osx-x86_64-mavericks, r-release-windows-ix86+x86_64, r-oldrel-windows-ix86+x86_64

Version: 0.1-3
Check: DESCRIPTION meta-information
Result: NOTE
    Malformed Title field: should not end in a period.
    License components which are templates and need '+ file LICENSE':
     MIT
Flavors: r-devel-linux-x86_64-debian-clang, r-devel-linux-x86_64-debian-gcc, r-devel-linux-x86_64-fedora-clang, r-devel-linux-x86_64-fedora-gcc, r-devel-osx-x86_64-clang, r-patched-linux-x86_64, r-patched-solaris-sparc, r-patched-solaris-x86, r-release-linux-x86_64, r-release-osx-x86_64-mavericks

Version: 0.1-3
Check: top-level files
Result: NOTE
    Non-standard files/directories found at top level:
     ‘README.markdown’ ‘build_package.sh’ ‘upload.sh’
Flavors: r-devel-linux-x86_64-debian-clang, r-devel-linux-x86_64-debian-gcc, r-devel-linux-x86_64-fedora-clang, r-devel-linux-x86_64-fedora-gcc, r-patched-linux-x86_64, r-release-linux-x86_64

Version: 0.1-3
Check: DESCRIPTION meta-information
Result: NOTE
    Malformed Title field: should not end in a period.
Flavors: r-devel-windows-ix86+x86_64, r-release-windows-ix86+x86_64