CRAN Package Check Results for Package SortableHTMLTables

Last updated on 2014-10-30 23:47:28.

Flavor Version Tinstall Tcheck Ttotal Status Flags
r-devel-linux-x86_64-debian-clang 0.1-3 0.72 11.98 12.70 NOTE
r-devel-linux-x86_64-debian-gcc 0.1-3 0.64 11.91 12.55 NOTE
r-devel-linux-x86_64-fedora-clang 0.1-3 26.57 NOTE
r-devel-linux-x86_64-fedora-gcc 0.1-3 25.15 NOTE
r-devel-osx-x86_64-clang 0.1-3 30.69 NOTE
r-devel-windows-ix86+x86_64 0.1-3 3.00 21.00 24.00 NOTE
r-patched-linux-x86_64 0.1-3 0.67 12.41 13.08 NOTE
r-patched-solaris-sparc 0.1-3 150.00 NOTE
r-patched-solaris-x86 0.1-3 39.20 NOTE
r-release-linux-ix86 0.1-3 1.03 18.67 19.70 NOTE
r-release-linux-x86_64 0.1-3 0.76 12.59 13.35 NOTE
r-release-osx-x86_64-mavericks 0.1-3 NOTE
r-release-osx-x86_64-snowleopard 0.1-3 NOTE
r-release-windows-ix86+x86_64 0.1-3 3.00 22.00 25.00 NOTE
r-oldrel-windows-ix86+x86_64 0.1-3 3.00 22.00 25.00 NOTE

Check Details

Version: 0.1-3
Check: for hidden files and directories
Result: NOTE
    Found the following hidden files and directories:
     .gitignore
    These were most likely included in error. See section ‘Package
    structure’ in the ‘Writing R Extensions’ manual.
Flavors: r-devel-linux-x86_64-debian-clang, r-devel-linux-x86_64-debian-gcc, r-devel-linux-x86_64-fedora-clang, r-devel-linux-x86_64-fedora-gcc, r-devel-osx-x86_64-clang, r-devel-windows-ix86+x86_64, r-patched-linux-x86_64, r-patched-solaris-sparc, r-patched-solaris-x86, r-release-linux-ix86, r-release-linux-x86_64, r-release-osx-x86_64-mavericks, r-release-osx-x86_64-snowleopard, r-release-windows-ix86+x86_64, r-oldrel-windows-ix86+x86_64

Version: 0.1-3
Check: DESCRIPTION meta-information
Result: NOTE
    License components which are templates and need '+ file LICENSE':
     MIT
Flavors: r-devel-linux-x86_64-debian-clang, r-devel-linux-x86_64-debian-gcc, r-devel-linux-x86_64-fedora-clang, r-devel-linux-x86_64-fedora-gcc, r-devel-osx-x86_64-clang, r-patched-linux-x86_64, r-patched-solaris-sparc, r-patched-solaris-x86, r-release-linux-ix86, r-release-linux-x86_64, r-release-osx-x86_64-mavericks

Version: 0.1-3
Check: top-level files
Result: NOTE
    Non-standard files/directories found at top level:
     ‘README.markdown’ ‘build_package.sh’ ‘upload.sh’
Flavors: r-devel-linux-x86_64-debian-clang, r-devel-linux-x86_64-debian-gcc, r-devel-linux-x86_64-fedora-clang, r-devel-linux-x86_64-fedora-gcc, r-patched-linux-x86_64, r-release-linux-x86_64

Version: 0.1-3
Check: DESCRIPTION meta-information
Result: NOTE
    Licenses which are templates and need '+ file LICENSE':
     MIT
Flavor: r-release-osx-x86_64-snowleopard