CRAN Package Check Results for Package SortableHTMLTables

Last updated on 2016-04-29 11:48:45.

Flavor Version Tinstall Tcheck Ttotal Status Flags
r-devel-linux-x86_64-debian-gcc 0.1-3 0.58 10.47 11.05 NOTE
r-devel-linux-x86_64-fedora-clang 0.1-3 19.22 NOTE
r-devel-linux-x86_64-fedora-gcc 0.1-3 17.98 NOTE
r-devel-osx-x86_64-clang 0.1-3 23.12 NOTE
r-devel-windows-ix86+x86_64 0.1-3 3.00 28.00 31.00 NOTE
r-patched-linux-x86_64 0.1-3 0.58 10.57 11.16 NOTE
r-patched-solaris-sparc 0.1-3 116.80 NOTE
r-patched-solaris-x86 0.1-3 27.30 NOTE
r-release-linux-x86_64 0.1-3 0.66 11.65 12.31 NOTE
r-release-osx-x86_64-mavericks 0.1-3 NOTE
r-release-windows-ix86+x86_64 0.1-3 2.00 27.00 29.00 NOTE
r-oldrel-windows-ix86+x86_64 0.1-3 6.00 45.00 51.00 NOTE

Check Details

Version: 0.1-3
Check: for hidden files and directories
Result: NOTE
    Found the following hidden files and directories:
     .gitignore
    These were most likely included in error. See section ‘Package
    structure’ in the ‘Writing R Extensions’ manual.
Flavors: r-devel-linux-x86_64-debian-gcc, r-devel-linux-x86_64-fedora-clang, r-devel-linux-x86_64-fedora-gcc, r-devel-osx-x86_64-clang, r-devel-windows-ix86+x86_64, r-patched-linux-x86_64, r-patched-solaris-sparc, r-patched-solaris-x86, r-release-linux-x86_64, r-release-osx-x86_64-mavericks, r-release-windows-ix86+x86_64, r-oldrel-windows-ix86+x86_64

Version: 0.1-3
Check: DESCRIPTION meta-information
Result: NOTE
    Malformed Title field: should not end in a period.
    License components which are templates and need '+ file LICENSE':
     MIT
Flavors: r-devel-linux-x86_64-debian-gcc, r-devel-linux-x86_64-fedora-clang, r-devel-linux-x86_64-fedora-gcc, r-devel-osx-x86_64-clang, r-patched-linux-x86_64, r-patched-solaris-sparc, r-patched-solaris-x86, r-release-linux-x86_64, r-release-osx-x86_64-mavericks

Version: 0.1-3
Check: top-level files
Result: NOTE
    Non-standard files/directories found at top level:
     ‘README.markdown’ ‘build_package.sh’ ‘upload.sh’
Flavors: r-devel-linux-x86_64-debian-gcc, r-devel-linux-x86_64-fedora-clang, r-devel-linux-x86_64-fedora-gcc, r-patched-linux-x86_64, r-release-linux-x86_64

Version: 0.1-3
Check: DESCRIPTION meta-information
Result: NOTE
    Malformed Title field: should not end in a period.
Flavors: r-devel-windows-ix86+x86_64, r-release-windows-ix86+x86_64