CRAN Package Check Results for Package SortableHTMLTables

Last updated on 2015-05-24 23:47:38.

Flavor Version Tinstall Tcheck Ttotal Status Flags
r-devel-linux-x86_64-debian-clang 0.1-3 0.70 11.76 12.46 NOTE
r-devel-linux-x86_64-debian-gcc 0.1-3 0.60 10.86 11.46 NOTE
r-devel-linux-x86_64-fedora-clang 0.1-3 22.56 NOTE
r-devel-linux-x86_64-fedora-gcc 0.1-3 22.19 NOTE
r-devel-osx-x86_64-clang 0.1-3 26.59 NOTE
r-devel-windows-ix86+x86_64 0.1-3 2.00 21.00 23.00 NOTE
r-patched-linux-x86_64 0.1-3 0.64 11.00 11.63 NOTE
r-patched-solaris-sparc 0.1-3 138.70 NOTE
r-patched-solaris-x86 0.1-3 35.10 NOTE
r-release-linux-x86_64 0.1-3 0.58 10.75 11.33 NOTE
r-release-osx-x86_64-mavericks 0.1-3 NOTE
r-release-osx-x86_64-snowleopard 0.1-3 NOTE
r-release-windows-ix86+x86_64 0.1-3 3.00 23.00 26.00 NOTE
r-oldrel-windows-ix86+x86_64 0.1-3 4.00 23.00 27.00 NOTE

Check Details

Version: 0.1-3
Check: for hidden files and directories
Result: NOTE
    Found the following hidden files and directories:
     .gitignore
    These were most likely included in error. See section ‘Package
    structure’ in the ‘Writing R Extensions’ manual.
Flavors: r-devel-linux-x86_64-debian-clang, r-devel-linux-x86_64-debian-gcc, r-devel-linux-x86_64-fedora-clang, r-devel-linux-x86_64-fedora-gcc, r-devel-osx-x86_64-clang, r-devel-windows-ix86+x86_64, r-patched-linux-x86_64, r-patched-solaris-sparc, r-patched-solaris-x86, r-release-linux-x86_64, r-release-osx-x86_64-mavericks, r-release-osx-x86_64-snowleopard, r-release-windows-ix86+x86_64, r-oldrel-windows-ix86+x86_64

Version: 0.1-3
Check: DESCRIPTION meta-information
Result: NOTE
    Malformed Title field: should not end in a period.
    License components which are templates and need '+ file LICENSE':
     MIT
Flavors: r-devel-linux-x86_64-debian-clang, r-devel-linux-x86_64-debian-gcc, r-devel-linux-x86_64-fedora-clang, r-devel-linux-x86_64-fedora-gcc, r-devel-osx-x86_64-clang, r-patched-linux-x86_64, r-patched-solaris-sparc, r-patched-solaris-x86, r-release-linux-x86_64, r-release-osx-x86_64-mavericks, r-release-osx-x86_64-snowleopard

Version: 0.1-3
Check: top-level files
Result: NOTE
    Non-standard files/directories found at top level:
     ‘README.markdown’ ‘build_package.sh’ ‘upload.sh’
Flavors: r-devel-linux-x86_64-debian-clang, r-devel-linux-x86_64-debian-gcc, r-devel-linux-x86_64-fedora-clang, r-devel-linux-x86_64-fedora-gcc, r-patched-linux-x86_64, r-release-linux-x86_64

Version: 0.1-3
Check: DESCRIPTION meta-information
Result: NOTE
    Malformed Title field: should not end in a period.
Flavors: r-devel-windows-ix86+x86_64, r-release-windows-ix86+x86_64