CRAN Package Check Results for Package birch

Last updated on 2014-04-24 23:47:59.

Flavor Version Tinstall Tcheck Ttotal Status Flags
r-devel-linux-x86_64-debian-clang 1.2-3 2.59 41.18 43.78 OK
r-devel-linux-x86_64-debian-gcc 1.2-3 2.79 41.88 44.67 OK
r-devel-linux-x86_64-fedora-clang 1.2-3 88.05 OK
r-devel-linux-x86_64-fedora-gcc 1.2-3 87.59 OK
r-devel-osx-x86_64-clang 1.2-3 83.81 OK
r-devel-osx-x86_64-gcc 1.2-3 NOTE
r-devel-windows-ix86+x86_64 1.2-3 14.00 134.00 148.00 OK
r-patched-linux-x86_64 1.2-3 2.84 41.95 44.79 OK
r-patched-solaris-sparc 1.2-3 913.30 OK
r-patched-solaris-x86 1.2-3 130.90 OK
r-release-linux-ix86 1.2-3 5.00 108.00 113.00 OK
r-release-linux-x86_64 1.2-3 2.75 43.26 46.02 OK
r-release-osx-x86_64-mavericks 1.2-3 WARN
r-release-windows-ix86+x86_64 1.2-3 15.00 134.00 149.00 OK
r-oldrel-windows-ix86+x86_64 1.2-3 15.00 137.00 152.00 OK

Memtest notes: valgrind

Check Details

Version: 1.2-3
Check: Rd cross-references
Result: NOTE
    Packages unavailable to check Rd xrefs: ‘robustbase’, ‘lga’
Flavor: r-devel-osx-x86_64-gcc

Version: 1.2-3
Check: PDF version of manual
Result: WARNING
    LaTeX errors when creating PDF version.
    This typically indicates Rd problems.
    LaTeX errors found:
    ! LaTeX Error: File `upquote.sty' not found.
    
    Type X to quit or <RETURN> to proceed,
    or enter new name. (Default extension: sty)
    
    7dc267c9/Rd2.tex:8: ==> Fatal error occurred, no output PDF file produced!
Flavor: r-release-osx-x86_64-mavericks