CRAN Package Check Results for Package eRm

Last updated on 2015-06-30 22:47:16.

Flavor Version Tinstall Tcheck Ttotal Status Flags
r-devel-linux-x86_64-debian-clang 0.15-5 9.28 100.87 110.15 NOTE
r-devel-linux-x86_64-debian-gcc 0.15-5 9.73 96.11 105.84 NOTE
r-devel-linux-x86_64-fedora-clang 0.15-5 218.95 NOTE
r-devel-linux-x86_64-fedora-gcc 0.15-5 205.44 NOTE
r-devel-osx-x86_64-clang 0.15-5 202.01 OK
r-devel-windows-ix86+x86_64 0.15-5 34.00 220.00 254.00 NOTE
r-patched-linux-x86_64 0.15-5 9.62 96.56 106.18 OK
r-patched-solaris-sparc 0.15-5 1312.90 OK
r-patched-solaris-x86 0.15-5 256.70 OK
r-release-linux-x86_64 0.15-5 9.49 100.23 109.72 OK
r-release-osx-x86_64-mavericks 0.15-5 OK
r-release-windows-ix86+x86_64 0.15-5 34.00 190.00 224.00 OK
r-oldrel-windows-ix86+x86_64 0.15-5 26.00 216.00 242.00 OK

Check Details

Version: 0.15-5
Check: R code for possible problems
Result: NOTE
    .performance.plot.no.avg: no visible global function definition for
     ‘xy.coords’
    .performance.rocconvexhull: no visible global function definition for
     ‘chull’
    .plot.performance: no visible global function definition for ‘rainbow’
    plotGOF.LR : identifyEll: no visible global function definition for
     ‘xy.coords’
Flavors: r-devel-linux-x86_64-debian-clang, r-devel-linux-x86_64-debian-gcc, r-devel-linux-x86_64-fedora-clang, r-devel-linux-x86_64-fedora-gcc, r-devel-windows-ix86+x86_64