CRAN Package Check Results for Package eRm

Last updated on 2014-12-18 00:48:48.

Flavor Version Tinstall Tcheck Ttotal Status Flags
r-devel-linux-x86_64-debian-clang 0.15-4 10.77 105.06 115.84 NOTE
r-devel-linux-x86_64-debian-gcc 0.15-4 10.00 102.86 112.85 NOTE
r-devel-linux-x86_64-fedora-clang 0.15-4 251.53 NOTE
r-devel-linux-x86_64-fedora-gcc 0.15-4 226.16 NOTE
r-devel-osx-x86_64-clang 0.15-4 213.96 NOTE
r-devel-windows-ix86+x86_64 0.15-4 30.00 194.00 224.00 NOTE
r-patched-linux-x86_64 0.15-4 10.94 107.86 118.80 NOTE
r-patched-solaris-sparc 0.15-4 1421.40 NOTE
r-patched-solaris-x86 0.15-4 291.60 NOTE
r-release-linux-ix86 0.15-4 13.20 123.81 137.02 NOTE
r-release-linux-x86_64 0.15-4 11.29 108.57 119.86 NOTE
r-release-osx-x86_64-mavericks 0.15-4 OK
r-release-osx-x86_64-snowleopard 0.15-4 OK
r-release-windows-ix86+x86_64 0.15-4 28.00 206.00 234.00 NOTE
r-oldrel-windows-ix86+x86_64 0.15-4 24.00 216.00 240.00 OK

Check Details

Version: 0.15-4
Check: R code for possible problems
Result: NOTE
    plotGR: no visible global function definition for ‘xyplot’
    plotTR: no visible global function definition for ‘xyplot’
Flavors: r-devel-linux-x86_64-debian-clang, r-devel-linux-x86_64-debian-gcc, r-devel-linux-x86_64-fedora-clang, r-devel-linux-x86_64-fedora-gcc, r-devel-osx-x86_64-clang, r-devel-windows-ix86+x86_64, r-patched-linux-x86_64, r-patched-solaris-sparc, r-patched-solaris-x86, r-release-linux-ix86, r-release-linux-x86_64, r-release-windows-ix86+x86_64