CRAN Package Check Results for Package poibin

Last updated on 2016-04-28 11:51:04.

Flavor Version Tinstall Tcheck Ttotal Status Flags
r-devel-linux-x86_64-debian-gcc 1.2 1.11 8.26 9.37 NOTE
r-devel-linux-x86_64-fedora-clang 1.2 15.66 NOTE
r-devel-linux-x86_64-fedora-gcc 1.2 14.64 NOTE
r-devel-osx-x86_64-clang 1.2 18.62 NOTE
r-devel-windows-ix86+x86_64 1.2 5.00 25.00 30.00 NOTE
r-patched-linux-x86_64 1.2 1.21 7.72 8.93 NOTE
r-patched-solaris-sparc 1.2 91.00 NOTE
r-patched-solaris-x86 1.2 20.90 NOTE
r-release-linux-x86_64 1.2 1.27 8.56 9.83 OK
r-release-osx-x86_64-mavericks 1.2 OK
r-release-windows-ix86+x86_64 1.2 6.00 17.00 23.00 OK
r-oldrel-windows-ix86+x86_64 1.2 9.00 19.00 28.00 OK

Check Details

Version: 1.2
Check: R code for possible problems
Result: NOTE
    ppoibin: no visible global function definition for ‘pnorm’
    ppoibin: no visible global function definition for ‘dnorm’
    rpoibin: no visible global function definition for ‘runif’
    Undefined global functions or variables:
     dnorm pnorm runif
    Consider adding
     importFrom("stats", "dnorm", "pnorm", "runif")
    to your NAMESPACE file.
Flavors: r-devel-linux-x86_64-debian-gcc, r-devel-linux-x86_64-fedora-clang, r-devel-linux-x86_64-fedora-gcc, r-devel-osx-x86_64-clang, r-devel-windows-ix86+x86_64, r-patched-linux-x86_64, r-patched-solaris-sparc, r-patched-solaris-x86