CRAN Package Check Results for Package reshape2

Last updated on 2014-04-15 23:47:39.

Flavor Version Tinstall Tcheck Ttotal Status Flags
r-devel-linux-x86_64-debian-clang 1.2.2 1.20 17.82 19.02 NOTE
r-devel-linux-x86_64-debian-gcc 1.2.2 1.26 17.57 18.83 NOTE
r-devel-linux-x86_64-fedora-clang 1.2.2 35.85 NOTE
r-devel-linux-x86_64-fedora-gcc 1.2.2 34.51 NOTE
r-devel-macosx-x86_64-clang 1.2.2 36.82 NOTE
r-devel-macosx-x86_64-gcc 1.2.2 NOTE
r-devel-windows-ix86+x86_64 1.2.2 4.00 27.00 31.00 NOTE
r-patched-linux-x86_64 1.2.2 1.34 17.66 19.00 NOTE
r-patched-solaris-sparc 1.2.2 208.10 NOTE
r-patched-solaris-x86 1.2.2 50.40 NOTE
r-release-linux-ix86 1.2.2 NOTE
r-release-linux-x86_64 1.2.2 1.26 17.37 18.62 NOTE
r-release-windows-ix86+x86_64 1.2.2 4.00 28.00 32.00 NOTE
r-oldrel-windows-ix86+x86_64 1.2.2 4.00 31.00 35.00 NOTE

Check Details

Version: 1.2.2
Check: DESCRIPTION meta-information
Result: NOTE
    License components which are templates and need '+ file LICENSE':
     MIT
Flavors: r-devel-linux-x86_64-debian-clang, r-devel-linux-x86_64-debian-gcc, r-devel-linux-x86_64-fedora-clang, r-devel-linux-x86_64-fedora-gcc, r-devel-macosx-x86_64-clang, r-devel-macosx-x86_64-gcc, r-patched-linux-x86_64, r-patched-solaris-sparc, r-patched-solaris-x86, r-release-linux-ix86, r-release-linux-x86_64

Version: 1.2.2
Check: dependencies in R code
Result: NOTE
    Namespace in Imports field not imported from: ‘lattice’
     All declared Imports should be used.
    See the information on DESCRIPTION files in the chapter ‘Creating R
    packages’ of the ‘Writing R Extensions’ manual.
Flavors: r-devel-linux-x86_64-debian-clang, r-devel-linux-x86_64-debian-gcc, r-devel-linux-x86_64-fedora-clang, r-devel-linux-x86_64-fedora-gcc, r-devel-macosx-x86_64-clang, r-devel-macosx-x86_64-gcc, r-devel-windows-ix86+x86_64, r-patched-linux-x86_64, r-patched-solaris-sparc, r-patched-solaris-x86, r-release-linux-ix86, r-release-linux-x86_64, r-release-windows-ix86+x86_64, r-oldrel-windows-ix86+x86_64