CRAN Package Check Results for Package rworldmap

Last updated on 2015-09-02 00:47:55.

Flavor Version Tinstall Tcheck Ttotal Status Flags
r-devel-linux-x86_64-debian-clang 1.3-1 2.26 63.00 65.26 NOTE
r-devel-linux-x86_64-debian-gcc 1.3-1 2.20 60.66 62.86 NOTE
r-devel-linux-x86_64-fedora-clang 1.3-1 127.94 NOTE
r-devel-linux-x86_64-fedora-gcc 1.3-1 120.05 NOTE
r-devel-osx-x86_64-clang 1.3-1 125.02 NOTE
r-devel-windows-ix86+x86_64 1.3-1 10.00 179.00 189.00 NOTE
r-patched-linux-x86_64 1.3-1 2.76 64.40 67.16 NOTE
r-patched-solaris-sparc 1.3-1 839.20 NOTE
r-patched-solaris-x86 1.3-1 171.00 NOTE
r-release-linux-x86_64 1.3-1 2.55 63.15 65.70 NOTE
r-release-osx-x86_64-mavericks 1.3-1 WARN
r-release-windows-ix86+x86_64 1.3-1 10.00 180.00 190.00 NOTE
r-oldrel-windows-ix86+x86_64 1.3-1 15.00 150.00 165.00 NOTE

Check Details

Version: 1.3-1
Check: DESCRIPTION meta-information
Result: NOTE
    Malformed Title field: should not end in a period.
Flavors: r-devel-linux-x86_64-debian-clang, r-devel-linux-x86_64-debian-gcc, r-devel-linux-x86_64-fedora-clang, r-devel-linux-x86_64-fedora-gcc, r-devel-osx-x86_64-clang, r-devel-windows-ix86+x86_64, r-patched-linux-x86_64, r-patched-solaris-sparc, r-patched-solaris-x86, r-release-linux-x86_64, r-release-osx-x86_64-mavericks, r-release-windows-ix86+x86_64

Version: 1.3-1
Check: dependencies in R code
Result: NOTE
    'library' or 'require' call to ‘rworldxtra’ in package code.
     Please use :: or requireNamespace() instead.
     See section 'Suggested packages' in the 'Writing R Extensions' manual.
Flavors: r-devel-linux-x86_64-debian-clang, r-devel-linux-x86_64-debian-gcc, r-devel-linux-x86_64-fedora-clang, r-devel-linux-x86_64-fedora-gcc, r-devel-osx-x86_64-clang, r-devel-windows-ix86+x86_64, r-patched-linux-x86_64, r-patched-solaris-sparc, r-patched-solaris-x86, r-release-linux-x86_64, r-release-osx-x86_64-mavericks, r-release-windows-ix86+x86_64, r-oldrel-windows-ix86+x86_64

Version: 1.3-1
Check: R code for possible problems
Result: NOTE
    addMapLegendBoxes: no visible global function definition for ‘legend’
    aggregateHalfDegreeGridToCountries: no visible global function
     definition for ‘data’
    aggregateHalfDegreeGridToCountries: no visible binding for global
     variable ‘gridCountriesDegreesHalf’
    aggregateHalfDegreeGridToCountries: no visible global function
     definition for ‘aggregate’
    barplotCountryData: no visible global function definition for ‘pdf’
    barplotCountryData: no visible global function definition for ‘par’
    barplotCountryData: no visible global function definition for ‘layout’
    barplotCountryData: no visible global function definition for ‘barplot’
    barplotCountryData: no visible global function definition for ‘axis’
    barplotCountryData: no visible global function definition for ‘text’
    barplotCountryData: no visible global function definition for ‘mtext’
    barplotCountryData: no visible global function definition for ‘dev.off’
    country2Region: no visible global function definition for ‘data’
    country2Region: no visible global function definition for ‘is’
    getMap: no visible global function definition for ‘data’
    identifyCountries: no visible global function definition for ‘identify’
    labelCountries: no visible global function definition for ‘text’
    mapBars: no visible global function definition for ‘rect’
    mapBars: no visible global function definition for ‘legend’
    mapBubbles: no visible global function definition for ‘colours’
    mapBubbles: no visible global function definition for ‘points’
    mapBubbles: no visible global function definition for ‘legend’
    mapByRegion: no visible global function definition for ‘data’
    mapByRegion: no visible global function definition for ‘is’
    mapCountryData: no visible global function definition for ‘title’
    mapDevice: no visible global function definition for ‘par’
    mapGriddedData: no visible global function definition for ‘data’
    mapGriddedData: no visible binding for global variable ‘gridExData’
    mapGriddedData: no visible global function definition for ‘image’
    mapHalfDegreeGridToCountries: no visible global function definition for
     ‘data’
    mapPies: no visible global function definition for ‘polygon’
    mapPies: no visible global function definition for ‘legend’
    mapPies: no visible global function definition for ‘par’
    mapPies: no visible global function definition for ‘str’
    mapPolys: no visible global function definition for ‘title’
    rwmGetClassBreaks: no visible global function definition for ‘quantile’
    rwmGetColours: no visible global function definition for
     ‘colorRampPalette’
    rwmGetColours: no visible global function definition for ‘grey’
    rwmGetColours: no visible global function definition for ‘palette’
    rwmGetColours: no visible global function definition for ‘heat.colors’
    rwmGetColours: no visible global function definition for ‘topo.colors’
    rwmGetColours: no visible global function definition for
     ‘terrain.colors’
    rwmGetColours: no visible global function definition for ‘rainbow’
    rwmGetISO3: no visible global function definition for ‘data’
    rwmNewMapPlot: no visible global function definition for ‘plot.new’
    rwmNewMapPlot: no visible global function definition for ‘plot.window’
    rwmNewMapPlot: no visible global function definition for ‘rect’
    rworldmapExamples: no visible global function definition for ‘data’
    rworldmapExamples: no visible global function definition for ‘par’
    rworldmapExamples: no visible global function definition for ‘mtext’
    Undefined global functions or variables:
     aggregate axis barplot colorRampPalette colours data dev.off grey
     gridCountriesDegreesHalf gridExData heat.colors identify image is
     layout legend mtext palette par pdf plot.new plot.window points
     polygon quantile rainbow rect str terrain.colors text title
     topo.colors
    Consider adding
     importFrom("grDevices", "colorRampPalette", "colours", "dev.off",
     "grey", "heat.colors", "palette", "pdf", "rainbow",
     "terrain.colors", "topo.colors")
     importFrom("graphics", "axis", "barplot", "identify", "image",
     "layout", "legend", "mtext", "par", "plot.new",
     "plot.window", "points", "polygon", "rect", "text", "title")
     importFrom("methods", "is")
     importFrom("stats", "aggregate", "quantile")
     importFrom("utils", "data", "str")
    to your NAMESPACE (and ensure that your DESCRIPTION Imports field
    contains 'methods').
Flavors: r-devel-linux-x86_64-debian-clang, r-devel-linux-x86_64-debian-gcc, r-devel-linux-x86_64-fedora-clang, r-devel-linux-x86_64-fedora-gcc, r-devel-windows-ix86+x86_64

Version: 1.3-1
Check: package dependencies
Result: NOTE
    Package suggested but not available for checking: ‘rgdal’
Flavor: r-release-osx-x86_64-mavericks

Version: 1.3-1
Check: running R code from vignettes
Result: WARN
    Errors in running code in vignettes:
    when running code in ‘rworldmapFAQ.Rnw’
     ...
    > mtext("Source: Andy South, The R Journal Vol. 3/1, June 2011",
    + side = 1, line = -1)
    
    > par(mai = c(0, 0, 0.2, 0), xaxs = "i", yaxs = "i")
    
    > library(rgdal)
    
     When sourcing ‘rworldmapFAQ.R’:
    Error: there is no package called ‘rgdal’
    Execution halted
Flavor: r-release-osx-x86_64-mavericks

Version: 1.3-1
Check: re-building of vignette outputs
Result: NOTE
    Error in re-building vignettes:
     ...
    Warning in classIntervals(sPDF[["EPI"]], n = 5, style = "jenks") :
     var has missing values, omitted in finding classes
    149 codes from your data successfully matched countries in the map
    0 codes from your data failed to match with a country code in the map
    95 codes from the map weren't represented in your data
    Warning in classIntervals(sPDF[["EPI"]], n = 5, style = "jenks") :
     var has missing values, omitted in finding classes
    186 codes from your data successfully matched countries in the map
    0 codes from your data failed to match with a country code in the map
    50 codes from the map weren't represented in your data
    You asked for 7 quantiles, only 5 could be created in quantiles classification
    149 codes from your data successfully matched countries in the map
    0 codes from your data failed to match with a country code in the map
    95 codes from the map weren't represented in your data
    You asked for 7 quantiles, only 5 could be created in quantiles classification
    149 codes from your data successfully matched countries in the map
    0 codes from your data failed to match with a country code in the map
    95 codes from the map weren't represented in your data
    using catMethod='categorical' for non numeric data in mapCountryData
    using catMethod='categorical' for non numeric data in mapCountryData
    
    Error: processing vignette 'rworldmapFAQ.Rnw' failed with diagnostics:
     chunk 17 (label = projection)
    Error in library(rgdal) : there is no package called ‘rgdal’
    Execution halted
Flavor: r-release-osx-x86_64-mavericks