CRAN Package Check Results for Package sisus

Last updated on 2015-08-01 23:47:34.

Flavor Version Tinstall Tcheck Ttotal Status Flags
r-devel-linux-x86_64-debian-clang 3.9-13 0.94 23.75 24.69 NOTE
r-devel-linux-x86_64-debian-gcc 3.9-13 0.90 22.06 22.96 NOTE
r-devel-linux-x86_64-fedora-clang 3.9-13 22.75 NOTE
r-devel-linux-x86_64-fedora-gcc 3.9-13 22.76 NOTE
r-devel-osx-x86_64-clang 3.9-13 24.88 OK
r-devel-windows-ix86+x86_64 3.9-13 5.00 33.00 38.00 ERROR
r-patched-linux-x86_64 3.9-13 0.93 22.66 23.59 OK
r-patched-solaris-sparc 3.9-13 223.50 OK
r-patched-solaris-x86 3.9-13 44.50 OK
r-release-linux-x86_64 3.9-13 0.92 17.84 18.77 ERROR
r-release-osx-x86_64-mavericks 3.9-13 OK
r-release-windows-ix86+x86_64 3.9-13 5.00 41.00 46.00 ERROR
r-oldrel-windows-ix86+x86_64 3.9-13 8.00 48.00 56.00 OK

Check Details

Version: 3.9-13
Check: R code for possible problems
Result: NOTE
    assign.variables: no visible global function definition for
     ‘type.convert’
    diag.panel.hist: no visible global function definition for ‘par’
    diag.panel.hist: no visible global function definition for ‘hist’
    diag.panel.hist: no visible global function definition for ‘rect’
    mcmc.diagnostics: no visible global function definition for
     ‘capture.output’
    mcmc.diagnostics: no visible global function definition for ‘par’
    mcmc.diagnostics: no visible global function definition for ‘mtext’
    numerical.summaries: no visible global function definition for
     ‘write.table’
    s.plot.convex.hull: no visible global function definition for ‘par’
    s.plot.convex.hull: no visible global function definition for ‘plot’
    s.plot.convex.hull: no visible global function definition for ‘axis’
    s.plot.convex.hull: no visible global function definition for ‘points’
    s.plot.convex.hull: no visible global function definition for ‘arrows’
    s.plot.convex.hull: no visible global function definition for ‘chull’
    s.plot.convex.hull: no visible global function definition for ‘lines’
    s.plot.convex.hull: no visible global function definition for ‘combn’
    s.plot.convex.hull: no visible global function definition for ‘text’
    s.plot.convex.hull.titles: no visible global function definition for
     ‘mtext’
    s.plot.marginal.histogram: no visible global function definition for
     ‘par’
    s.plot.marginal.histogram: no visible global function definition for
     ‘hist’
    s.plot.marginal.histogram: no visible global function definition for
     ‘lines’
    s.plot.marginal.histogram: no visible global function definition for
     ‘mtext’
    s.plot.scatterplot.sample: no visible global function definition for
     ‘pairs’
    s.plot.scatterplot.sample : <anonymous>: no visible global function
     definition for ‘par’
    s.plot.scatterplot.sample : <anonymous>: no visible global function
     definition for ‘plot’
    s.plot.scatterplot.sample : <anonymous>: no visible global function
     definition for ‘image’
    s.plot.scatterplot.sample : <anonymous>: no visible global function
     definition for ‘colorRampPalette’
    s.plot.scatterplot.sample: no visible global function definition for
     ‘mtext’
    s.plot.settings.begin.end: no visible global function definition for
     ‘dev.new’
    s.plot.settings.begin.end: no visible global function definition for
     ‘png’
    s.plot.settings.begin.end: no visible global function definition for
     ‘postscript’
    s.plot.settings.begin.end: no visible global function definition for
     ‘pdf’
    s.plot.settings.begin.end: no visible global function definition for
     ‘bmp’
    s.plot.settings.begin.end: no visible global function definition for
     ‘jpeg’
    s.plot.settings.begin.end: no visible global function definition for
     ‘tiff’
    s.plot.settings.begin.end: no visible global function definition for
     ‘par’
    s.plot.settings.begin.end: no visible global function definition for
     ‘dev.off’
    sisus.run: no visible global function definition for ‘write.table’
    write.out: no visible global function definition for ‘capture.output’
    write.out: no visible global function definition for ‘flush.console’
    write.progress: no visible global function definition for
     ‘capture.output’
    write.progress: no visible global function definition for
     ‘flush.console’
    Undefined global functions or variables:
     arrows axis bmp capture.output chull colorRampPalette combn dev.new
     dev.off flush.console hist image jpeg lines mtext pairs par pdf plot
     png points postscript rect text tiff type.convert write.table
    Consider adding
     importFrom("grDevices", "bmp", "chull", "colorRampPalette", "dev.new",
     "dev.off", "jpeg", "pdf", "png", "postscript", "tiff")
     importFrom("graphics", "arrows", "axis", "hist", "image", "lines",
     "mtext", "pairs", "par", "plot", "points", "rect", "text")
     importFrom("utils", "capture.output", "combn", "flush.console",
     "type.convert", "write.table")
    to your NAMESPACE.
Flavors: r-devel-linux-x86_64-debian-clang, r-devel-linux-x86_64-debian-gcc, r-devel-linux-x86_64-fedora-clang, r-devel-linux-x86_64-fedora-gcc, r-devel-windows-ix86+x86_64

Version: 3.9-13
Check: examples
Result: ERROR
    Running examples in 'sisus-Ex.R' failed
    The error most likely occurred in:
    
    > ### Name: sisus.run
    > ### Title: driver program for SISUS
    > ### Aliases: sisus.run
    >
    > ### ** Examples
    >
    > # set working directory for many output files with setwd()
    > # see http://statacumen.com/sisus for workbook
    > filename = "http://statacumen.com/sw/sisus/examples/SISUS_v0_09_template.xls";
    > sisus.run(filename)
    trying URL 'http://statacumen.com/sw/sisus/examples/SISUS_v0_09_template.xls'
    Warning in download.file(xls, tf, mode = "wb") :
     cannot open: HTTP status was '404 Not Found'
    Error in download.file(xls, tf, mode = "wb") :
     cannot open URL 'http://statacumen.com/sw/sisus/examples/SISUS_v0_09_template.xls'
    Calls: sisus.run ... as.matrix -> <Anonymous> -> xls2sep -> download.file
    Error in file.exists(tfn) : invalid 'file' argument
    Calls: sisus.run ... <Anonymous> -> xls2sep -> download.file -> file.exists
    Execution halted
Flavors: r-devel-windows-ix86+x86_64, r-release-windows-ix86+x86_64

Version: 3.9-13
Check: examples
Result: ERROR
    Running examples in ‘sisus-Ex.R’ failed
    The error most likely occurred in:
    
    > ### Name: sisus.run
    > ### Title: driver program for SISUS
    > ### Aliases: sisus.run
    >
    > ### ** Examples
    >
    >
    >
    > # set working directory for many output files with setwd()
    >
    >
    > # see http://statacumen.com/sisus for workbook
    >
    >
    > filename = "http://statacumen.com/sw/sisus/examples/SISUS_v0_09_template.xls";
    >
    >
    > sisus.run(filename)
    trying URL 'http://statacumen.com/sw/sisus/examples/SISUS_v0_09_template.xls'
    Warning in download.file(xls, tf, mode = "wb") :
     cannot open: HTTP status was '404 Not Found'
    Error in download.file(xls, tf, mode = "wb") :
     cannot open URL 'http://statacumen.com/sw/sisus/examples/SISUS_v0_09_template.xls'
    Calls: sisus.run ... as.matrix -> <Anonymous> -> xls2sep -> download.file
    Error in file.exists(tfn) : invalid 'file' argument
    Calls: sisus.run ... <Anonymous> -> xls2sep -> download.file -> file.exists
    Execution halted
Flavor: r-release-linux-x86_64